 factors of 1884?
2, 3, 157
What are the prime factors of 932?
2, 233
List the prime factors of 710.
2, 5, 71
List the prime factors of 74008.
2, 11, 29
List the prime factors of 561.
3, 11, 17
List the prime factors of 5243.
7, 107
List the prime factors of 43899.
3, 14633
List the prime factors of 68529.
3, 53, 431
What are the prime factors of 3903?
3, 1301
List the prime factors of 99363.
3, 11, 3011
List the prime factors of 1351.
7, 193
List the prime factors of 47471.
37, 1283
What are the prime factors of 65550?
2, 3, 5, 19, 23
List the prime factors of 22170.
2, 3, 5, 739
List the prime factors of 3905.
5, 11, 71
List the prime factors of 1563.
3, 521
List the prime factors of 44129.
44129
What are the prime factors of 6653?
6653
What are the prime factors of 92207?
19, 23, 211
List the prime factors of 3711.
3, 1237
What are the prime factors of 7737?
3, 2579
What are the prime factors of 13868?
2, 3467
What are the prime factors of 8960?
2, 5, 7
List the prime factors of 1518.
2, 3, 11, 23
What are the prime factors of 10950?
2, 3, 5, 73
What are the prime factors of 2432?
2, 19
What are the prime factors of 1629?
3, 181
What are the prime factors of 93596?
2, 23399
List the prime factors of 3054.
2, 3, 509
List the prime factors of 6921.
3, 769
List the prime factors of 14009.
14009
What are the prime factors of 577?
577
What are the prime factors of 21245?
5, 7, 607
List the prime factors of 160.
2, 5
List the prime factors of 4401.
3, 163
What are the prime factors of 50016?
2, 3, 521
List the prime factors of 463.
463
List the prime factors of 2671.
2671
What are the prime factors of 27877?
61, 457
What are the prime factors of 5288?
2, 661
List the prime factors of 13486.
2, 11, 613
What are the prime factors of 16837?
113, 149
List the prime factors of 40539.
3, 13513
List the prime factors of 74854.
2, 13, 2879
What are the prime factors of 1375?
5, 11
List the prime factors of 4135.
5, 827
What are the prime factors of 3294?
2, 3, 61
List the prime factors of 1447.
1447
List the prime factors of 5153.
5153
What are the prime factors of 74038?
2, 37019
What are the prime factors of 1709?
1709
What are the prime factors of 5694?
2, 3, 13, 73
List the prime factors of 10090.
2, 5, 1009
What are the prime factors of 1585?
5, 317
List the prime factors of 48475.
5, 7, 277
What are the prime factors of 1660?
2, 5, 83
List the prime factors of 743.
743
List the prime factors of 969.
3, 17, 19
What are the prime factors of 33262?
2, 16631
What are the prime factors of 422?
2, 211
List the prime factors of 1344.
2, 3, 7
What are the prime factors of 6409?
13, 17, 29
What are the prime factors of 497?
7, 71
List the prime factors of 8467.
8467
List the prime factors of 3674.
2, 11, 167
What are the prime factors of 19985?
5, 7, 571
List the prime factors of 4703.
4703
List the prime factors of 3084.
2, 3, 257
What are the prime factors of 431?
431
What are the prime factors of 513?
3, 19
What are the prime factors of 13913?
13913
What are the prime factors of 25266?
2, 3, 4211
What are the prime factors of 170?
2, 5, 17
What are the prime factors of 8419?
8419
What are the prime factors of 8257?
23, 359
List the prime factors of 5847.
3, 1949
List the prime factors of 17347.
11, 19, 83
What are the prime factors of 44980?
2, 5, 13, 173
List the prime factors of 1984.
2, 31
What are the prime factors of 9345?
3, 5, 7, 89
List the prime factors of 95316.
2, 3, 13, 47
List the prime factors of 49764.
2, 3, 11, 13, 29
What are the prime factors of 28891?
167, 173
List the prime factors of 76279.
7, 17, 641
List the prime factors of 4361.
7, 89
What are the prime factors of 7524?
2, 3, 11, 19
List the prime factors of 1844.
2, 461
List the prime factors of 10061.
10061
List the prime factors of 57415.
5, 11483
What are the prime factors of 6342?
2, 3, 7, 151
What are the prime factors of 3245?
5, 11, 59
List the prime factors of 5154.
2, 3, 859
List the prime factors of 165540.
2, 3, 5, 31, 89
List the prime factors of 1044.
2, 3, 29
List the prime factors of 1695.
3, 5, 113
What are the prime factors of 8847?
3, 983
List the prime factors of 3429.
3, 127
List the prime factors of 94.
2, 47
List the prime factors of 5103.
3, 7
List the prime factors of 77632.
2, 1213
List the prime factors of 26271.
3, 7, 139
List the prime factors of 5362.
2, 7, 383
List the prime factors of 803.
11, 73
What are the prime factors of 3886?
2, 29, 67
List the prime factors of 2141.
2141
List the prime factors of 204.
2, 3, 17
What are the prime factors of 26082?
2, 3, 7, 23
What are the prime factors of 106969?
41, 2609
What are the prime factors of 2580?
2, 3, 5, 43
What are the prime factors of 9375?
3, 5
List the prime factors of 133.
7, 19
List the prime factors of 2753.
2753
List the prime factors of 13471.
19, 709
List the prime factors of 6453.
3, 239
What are the prime factors of 8144?
2, 509
What are the prime factors of 2373?
3, 7, 113
What are the prime factors of 15918?
2, 3, 7, 379
What are the prime factors of 259?
7, 37
List the prime factors of 17903.
17903
List the prime factors of 2273.
2273
List the prime factors of 2148.
2, 3, 179
List the prime factors of 12454.
2, 13, 479
List the prime factors of 4365.
3, 5, 97
List the prime factors of 192.
2, 3
List the prime factors of 4300.
2, 5, 43
List the prime factors of 112.
2, 7
What are the prime factors of 1509?
3, 503
List the prime factors of 1103.
1103
List the prime factors of 4805.
5, 31
What are the prime factors of 44668?
2, 13, 859
List the prime factors of 277.
277
What are the prime factors of 3251?
3251
What are the prime factors of 4033?
37, 109
What are the prime factors of 7378?
2, 7, 17, 31
List the prime factors of 2131.
2131
List the prime factors of 20345.
5, 13, 313
List the prime factors of 1475.
5, 59
List the prime factors of 5606.
2, 2803
List the prime factors of 855.
3, 5, 19
List the prime factors of 1100.
2, 5, 11
List the prime factors of 332.
2, 83
List the prime factors of 1955.
5, 17, 23
What are the prime factors of 37802?
2, 41, 461
What are the prime factors of 21471?
3, 17, 421
List the prime factors of 44699.
44699
What are the prime factors of 45107?
43, 1049
What are the prime factors of 4664?
2, 11, 53
What are the prime factors of 556?
2, 139
What are the prime factors of 18352?
2, 31, 37
What are the prime factors of 5046?
2, 3, 29
List the prime factors of 3124.
2, 11, 71
List the prime factors of 41920.
2, 5, 131
What are the prime factors of 40396?
2, 10099
List the prime factors of 36271.
19, 23, 83
What are the prime factors of 2436?
2, 3, 7, 29
List the prime factors of 4219.
4219
List the prime factors of 15752.
2, 11, 179
What are the prime factors of 28185?
3, 5, 1879
List the prime factors of 1566.
2, 3, 29
List the prime factors of 18443.
18443
What are the prime factors of 956?
2, 239
List the prime factors of 153.
3, 17
What are the prime factors of 4421?
4421
What are the prime factors of 77?
7, 11
What are the prime factors of 2043?
3, 227
List the prime factors of 18264.
2, 3, 761
List the prime factors of 526.
2, 263
What are the prime factors of 67?
67
What are the prime factors of 89?
89
What are the prime factors of 2?
2
List the prime factors of 617.
617
List the prime factors of 301.
7, 43
What are the prime factors of 11473?
7, 11, 149
What are the prime factors of 26029?
26029
List the prime factors of 10408.
2, 1301
What are the prime factors of 1705?
5, 11, 31
List the prime factors of 1355.
5, 271
List the prime factors of 90846.
2, 3, 7, 103
What are the prime factors of 45555?
3, 5, 3037
What are the prime factors of 20049?
3, 41, 163
List the prime factors of 5418.
2, 3, 7, 43
What are the prime factors of 1911?
3, 7, 13
List the prime factors of 74790.
2, 3, 5, 277
What are the prime factors of 10873?
83, 131
What are the prime factors of 1112?
2, 139
List the prime factors of 53117.
53117
What are the prime factors of 670?
2, 5, 67
List the prime factors of 35.
5, 7
What are the prime factors of 42139?
42139
What are the prime factors of 2791?
2791
List the prime factors of 14353.
31, 463
What are the prime factors of 805?
5, 7, 23
What are the prime factors of 1502?
2, 751
List the prime factors of 5669.
5669
Li